emainder when 5884 is divided by 95.
89
What is the remainder when 64660 is divided by 83?
3
Calculate the remainder when 5872 is divided by 2918.
36
Calculate the remainder when 4593 is divided by 61.
18
What is the remainder when 6165 is divided by 176?
5
What is the remainder when 95918 is divided by 209?
196
What is the remainder when 6145 is divided by 876?
13
What is the remainder when 230067 is divided by 168?
75
Calculate the remainder when 28398 is divided by 1350.
48
Calculate the remainder when 119425 is divided by 566.
565
Calculate the remainder when 1200 is divided by 629.
571
Calculate the remainder when 3094 is divided by 127.
46
What is the remainder when 3796 is divided by 39?
13
Calculate the remainder when 195159 is divided by 287.
286
Calculate the remainder when 12098 is divided by 23.
0
Calculate the remainder when 5950 is divided by 1422.
262
Calculate the remainder when 2095 is divided by 120.
55
Calculate the remainder when 1724936 is divided by 17.
14
What is the remainder when 33361 is divided by 745?
581
Calculate the remainder when 502 is divided by 424.
78
Calculate the remainder when 42491 is divided by 5298.
107
Calculate the remainder when 3323 is divided by 1644.
35
What is the remainder when 9851 is divided by 1966?
21
What is the remainder when 35837 is divided by 319?
109
What is the remainder when 5706 is divided by 80?
26
What is the remainder when 15640 is divided by 149?
144
What is the remainder when 2466 is divided by 620?
606
Calculate the remainder when 261 is divided by 198.
63
What is the remainder when 95907 is divided by 24?
3
Calculate the remainder when 319 is divided by 182.
137
What is the remainder when 383502 is divided by 27?
21
What is the remainder when 68460 is divided by 13692?
0
Calculate the remainder when 87196 is divided by 6705.
31
What is the remainder when 289 is divided by 112?
65
Calculate the remainder when 9174 is divided by 510.
504
What is the remainder when 62421 is divided by 62410?
11
What is the remainder when 2990015 is divided by 928?
927
What is the remainder when 209838 is divided by 76?
2
What is the remainder when 990628 is divided by 10?
8
What is the remainder when 3602 is divided by 828?
290
Calculate the remainder when 3942 is divided by 811.
698
What is the remainder when 3413 is divided by 727?
505
Calculate the remainder when 1442713 is divided by 420.
13
What is the remainder when 25140 is divided by 138?
24
Calculate the remainder when 25412 is divided by 2117.
8
Calculate the remainder when 4042 is divided by 31.
12
Calculate the remainder when 104061 is divided by 26014.
5
Calculate the remainder when 11020 is divided by 3582.
274
What is the remainder when 97133 is divided by 97109?
24
What is the remainder when 4201 is divided by 106?
67
What is the remainder when 1061 is divided by 25?
11
What is the remainder when 3432 is divided by 59?
10
What is the remainder when 4166 is divided by 519?
14
What is the remainder when 9922 is divided by 1636?
106
What is the remainder when 2192 is divided by 18?
14
What is the remainder when 4152 is divided by 3029?
1123
What is the remainder when 111282 is divided by 14?
10
Calculate the remainder when 45299 is divided by 8.
3
Calculate the remainder when 354074 is divided by 83.
79
What is the remainder when 203598 is divided by 40?
38
Calculate the remainder when 10424859 is divided by 1134.
1131
Calculate the remainder when 8433 is divided by 498.
465
What is the remainder when 25164 is divided by 8383?
15
What is the remainder when 25765 is divided by 24?
13
What is the remainder when 40473 is divided by 597?
474
What is the remainder when 39596 is divided by 144?
140
What is the remainder when 13019 is divided by 105?
104
Calculate the remainder when 148738 is divided by 164.
154
Calculate the remainder when 218215 is divided by 69.
37
What is the remainder when 1751 is divided by 835?
81
Calculate the remainder when 589973 is divided by 211.
17
Calculate the remainder when 12204 is divided by 12009.
195
What is the remainder when 10898 is divided by 420?
398
Calculate the remainder when 246666 is divided by 16444.
6
Calculate the remainder when 142751 is divided by 104.
63
Calculate the remainder when 25198 is divided by 277.
268
What is the remainder when 165067 is divided by 170?
167
Calculate the remainder when 41829 is divided by 83.
80
What is the remainder when 14336 is divided by 23?
7
What is the remainder when 34921 is divided by 1525?
1371
What is the remainder when 9409 is divided by 9338?
71
Calculate the remainder when 23620 is divided by 23545.
75
Calculate the remainder when 63742 is divided by 49.
42
Calculate the remainder when 34295 is divided by 5703.
77
What is the remainder when 16916 is divided by 2576?
1460
What is the remainder when 4854 is divided by 72?
30
Calculate the remainder when 260410 is divided by 43400.
10
Calculate the remainder when 3825 is divided by 279.
198
Calculate the remainder when 117280 is divided by 169.
163
What is the remainder when 8640 is divided by 4317?
6
Calculate the remainder when 4438 is divided by 10.
8
Calculate the remainder when 8798 is divided by 209.
20
Calculate the remainder when 319426 is divided by 371.
366
Calculate the remainder when 4530 is divided by 4510.
20
Calculate the remainder when 30266 is divided by 103.
87
What is the remainder when 801 is divided by 138?
111
Calculate the remainder when 1849 is divided by 205.
4
What is the remainder when 3264 is divided by 8?
0
Calculate the remainder when 8565 is divided by 3981.
603
What is the remainder when 69457 is divided by 1654?
1643
Calculate the remainder when 294279 is divided by 341.
337
What is the remainder when 32582 is divided by 294?
242
What is the remainder when 7227 is divided by 165?
132
Calculate the remainder when 6117 is divided by 59.
40
Calculate the remainder when 2643 is divided by 53.
46
What is the remainder when 69019 is divided by 965?
504
Calculate the remainder when 48965 is divided by 808.
485
What is the remainder when 1589 is divided by 325?
289
What is the remainder when 22268 is divided by 11129?
10
What is the remainder when 10183 is divided by 424?
7
Calculate the remainder when 216964 is divided by 14.
6
What is the remainder when 4177 is divided by 834?
7
What is the remainder when 5215 is divided by 2324?
567
What is the remainder when 230549 is divided by 766?
749
What is the remainder when 168491 is divided by 56153?
32
Calculate the remainder when 40821 is divided by 40560.
261
What is the remainder when 7538 is divided by 1859?
102
Calculate the remainder when 1429461 is divided by 34.
33
What is the remainder when 45394 is divided by 26?
24
Calculate the remainder when 1383509 is divided by 26.
23
Calculate the remainder when 55725 is divided by 546.
33
Calculate the remainder when 175717 is divided by 22.
3
Calculate the remainder when 15238 is divided by 3045.
13
Calculate the remainder when 266451 is divided by 27.
15
Calculate the remainder when 709884 is divided by 59.
55
What is the remainder when 19656 is divided by 427?
14
What is the remainder when 22422 is divided by 7466?
24
Calculate the remainder when 28405 is divided by 268.
265
Calculate the remainder when 5371 is divided by 25.
21
Calculate the remainder when 17699 is divided by 258.
155
What is the remainder when 23388 is divided by 1297?
42
What is the remainder when 72979 is divided by 32?
19
What is the remainder when 7804 is divided by 595?
69
Calculate the remainder when 81664 is divided by 6.
4
What is the remainder when 17728 is divided by 1042?
14
What is the remainder when 1146237 is divided by 995?
992
What is the remainder when 727326 is divided by 6380?
6
Calculate the remainder when 3278 is divided by 62.
54
What is the remainder when 2479 is divided by 46?
41
Calculate the remainder when 319803 is divided by 79948.
11
What is the remainder when 1355 is divided by 23?
21
Calculate the remainder when 404 is divided by 132.
8
Calculate the remainder when 1307 is divided by 129.
17
What is the remainder when 43764 is divided by 1297?
963
Calculate the remainder when 200316 is divided by 2329.
22
Calculate the remainder when 603899 is divided by 896.
891
Calculat